445 is divided by 6.
5
Calculate the remainder when 1276385 is divided by 1069.
1068
What is the remainder when 10702 is divided by 631?
606
Calculate the remainder when 7284 is divided by 2037.
1173
What is the remainder when 11634 is divided by 2653?
1022
Calculate the remainder when 387897 is divided by 1102.
1095
Calculate the remainder when 2890 is divided by 180.
10
What is the remainder when 459530 is divided by 365?
360
What is the remainder when 34167 is divided by 534?
525
Calculate the remainder when 6465053 is divided by 104.
101
Calculate the remainder when 126 is divided by 51.
24
Calculate the remainder when 45197 is divided by 665.
642
Calculate the remainder when 154580 is divided by 33.
8
What is the remainder when 28832 is divided by 69?
59
Calculate the remainder when 28000 is divided by 41.
38
Calculate the remainder when 31326 is divided by 250.
76
Calculate the remainder when 10670 is divided by 232.
230
What is the remainder when 5085 is divided by 79?
29
What is the remainder when 22003 is divided by 4397?
18
Calculate the remainder when 8827 is divided by 11.
5
What is the remainder when 1019138 is divided by 33?
32
Calculate the remainder when 98326 is divided by 405.
316
Calculate the remainder when 53349 is divided by 17726.
171
Calculate the remainder when 47850 is divided by 6827.
61
Calculate the remainder when 4373385 is divided by 369.
366
Calculate the remainder when 257268 is divided by 293.
14
Calculate the remainder when 15419 is divided by 1395.
74
Calculate the remainder when 197295 is divided by 126.
105
What is the remainder when 224141 is divided by 51?
47
What is the remainder when 1064513 is divided by 354837?
2
What is the remainder when 3108 is divided by 144?
84
Calculate the remainder when 59603 is divided by 1.
0
Calculate the remainder when 140172 is divided by 240.
12
Calculate the remainder when 1776 is divided by 66.
60
What is the remainder when 4493 is divided by 67?
4
Calculate the remainder when 3434 is divided by 379.
23
What is the remainder when 1931 is divided by 143?
72
What is the remainder when 5900 is divided by 1454?
84
Calculate the remainder when 94052 is divided by 7833.
56
Calculate the remainder when 660 is divided by 213.
21
Calculate the remainder when 66155 is divided by 752.
731
Calculate the remainder when 2557 is divided by 9.
1
Calculate the remainder when 192 is divided by 24.
0
Calculate the remainder when 18586 is divided by 9207.
172
What is the remainder when 76901 is divided by 253?
242
Calculate the remainder when 14593 is divided by 61.
14
What is the remainder when 32455 is divided by 32427?
28
Calculate the remainder when 1634 is divided by 849.
785
Calculate the remainder when 2069 is divided by 7.
4
Calculate the remainder when 82980 is divided by 60.
0
What is the remainder when 100131 is divided by 115?
81
What is the remainder when 26739 is divided by 70?
69
Calculate the remainder when 400888 is divided by 61.
57
What is the remainder when 777 is divided by 44?
29
What is the remainder when 132989 is divided by 5541?
5
Calculate the remainder when 33379 is divided by 833.
59
Calculate the remainder when 7232 is divided by 602.
8
What is the remainder when 93600 is divided by 31184?
48
Calculate the remainder when 2804369 is divided by 143.
139
Calculate the remainder when 34603 is divided by 16.
11
What is the remainder when 2449 is divided by 790?
79
Calculate the remainder when 4757 is divided by 40.
37
Calculate the remainder when 3356 is divided by 822.
68
Calculate the remainder when 5471448 is divided by 85.
83
What is the remainder when 13192 is divided by 246?
154
What is the remainder when 333702 is divided by 826?
824
Calculate the remainder when 50424 is divided by 23.
8
Calculate the remainder when 14988 is divided by 609.
372
Calculate the remainder when 18869 is divided by 93.
83
What is the remainder when 254722 is divided by 443?
440
What is the remainder when 438736 is divided by 7?
4
What is the remainder when 623 is divided by 314?
309
What is the remainder when 8121 is divided by 582?
555
What is the remainder when 2997353 is divided by 179?
177
Calculate the remainder when 147720 is divided by 1508.
1444
What is the remainder when 3024 is divided by 275?
274
Calculate the remainder when 183887 is divided by 3535.
67
Calculate the remainder when 4351 is divided by 16.
15
What is the remainder when 13384 is divided by 25?
9
What is the remainder when 83566 is divided by 995?
981
What is the remainder when 6746 is divided by 55?
36
Calculate the remainder when 256937 is divided by 29.
26
Calculate the remainder when 44419 is divided by 22199.
21
Calculate the remainder when 283617 is divided by 7665.
12
Calculate the remainder when 21320 is divided by 5329.
4
Calculate the remainder when 2571188 is divided by 223.
221
Calculate the remainder when 402433 is divided by 99.
97
What is the remainder when 21246 is divided by 6801?
843
What is the remainder when 30540 is divided by 622?
62
Calculate the remainder when 13763 is divided by 96.
35
What is the remainder when 15528 is divided by 167?
164
Calculate the remainder when 55960 is divided by 191.
188
What is the remainder when 3077 is divided by 447?
395
Calculate the remainder when 7971 is divided by 3328.
1315
What is the remainder when 63957 is divided by 1389?
63
What is the remainder when 134604 is divided by 8?
4
Calculate the remainder when 3456 is divided by 14.
12
Calculate the remainder when 8173 is divided by 33.
22
Calculate the remainder when 896 is divided by 570.
326
What is the remainder when 19140 is divided by 83?
50
What is the remainder when 27390 is divided by 9129?
3
What is the remainder when 6808 is divided by 2247?
67
Calculate the remainder when 3440 is divided by 571.
14
What is the remainder when 73428 is divided by 661?
57
Calculate the remainder when 205428 is divided by 154.
146
Calculate the remainder when 6731 is divided by 1676.
27
Calculate the remainder when 675 is divided by 18.
9
Calculate the remainder when 488067 is divided by 561.
558
Calculate the remainder when 2345316 is divided by 2277.
6
What is the remainder when 108174 is divided by 262?
230
Calculate the remainder when 57119 is divided by 88.
7
Calculate the remainder when 49115 is divided by 33.
11
What is the remainder when 6804 is divided by 310?
294
Calculate the remainder when 1949 is divided by 853.
243
What is the remainder when 4343 is divided by 1078?
31
Calculate the remainder when 17842 is divided by 4457.
14
Calculate the remainder when 104968 is divided by 586.
74
Calculate the remainder when 22310 is divided by 223.
10
What is the remainder when 1929 is divided by 1681?
248
What is the remainder when 44764 is divided by 75?
64
Calculate the remainder when 37099 is divided by 317.
10
Calculate the remainder when 2401 is divided by 406.
371
Calculate the remainder when 12662 is divided by 374.
320
What is the remainder when 10637 is divided by 506?
11
What is the remainder when 4421 is divided by 123?
116
What is the remainder when 2979 is divided by 201?
165
What is the remainder when 18902 is divided by 625?
152
What is the remainder when 974832 is divided by 234?
222
Calculate the remainder when 22008 is divided by 339.
312
What is the remainder when 1687 is divided by 776?
135
What is the remainder when 51527 is divided by 2240?
7
Calculate the remainder when 499549 is divided by 17225.
24
Calculate the remainder when 6117 is divided by 601.
107
Calculate the remainder when 17194 is divided by 296.
26
Calculate the remainder when 8990952 is divided by 15.
12
What is the remainder when 8515 is divided by 379?
177
What is the remainder when 36603 is divided by 1479?
1107
What is the remainder when 11093 is divided by 3537?
482
What is the remainder when 21216 is divided by 105?
6
What is the remainder when 123 is divided by 114?
9
Calculate the remainder when 21768 is divided by 1338.
360
Calculate the remainder when 903435 is divided by 13.
0
Calculate the remainder when 194157 is divided by 60.
57
Calculate the remainder when 4608 is divided by 136.
120
Calculate the remainder when 9814 is divided by 247.
181
Calculate the remainder when 5018 is divided by 1250.
1